{"id":15,"date":"2024-07-29T22:02:56","date_gmt":"2024-07-29T20:02:56","guid":{"rendered":"https:\/\/www.parroquiasantiago.es\/?page_id=15"},"modified":"2025-08-03T17:24:12","modified_gmt":"2025-08-03T15:24:12","slug":"servicios","status":"publish","type":"page","link":"https:\/\/www.parroquiasantiago.es\/index.php\/servicios\/","title":{"rendered":"Servicios"},"content":{"rendered":"\n<p>Estamos encantados de atenderte si necesitas alguna documentaci\u00f3n del archivo, informaci\u00f3n sobre catequesis o celebraciones de sacramentos. Ponte en contacto con nosotros.<\/p>\n\n\n\n<p>Puedes hacerlo a trav\u00e9s de WhatsApp o correo electr\u00f3nico:<br><\/p>\n\n\n\n<h2 class=\"wp-block-heading\">WhatsApp:<\/h2>\n\n\n\n<ul class=\"wp-block-list\">\n<li>604.406.579 &#8211; P\u00e1rroco<\/li>\n\n\n\n<li>613.448.586 &#8211; Despacho parroquial<\/li>\n\n\n\n<li>601.678.046 &#8211; C\u00e1ritas<\/li>\n<\/ul>\n\n\n\n<h2 class=\"wp-block-heading\">Correos electr\u00f3nicos:<\/h2>\n\n\n\n<p><a href=\"mailto:info@parroquiasantiago.es\">info@parroquiasantiago.es<\/a><br><a href=\"mailto:despacho@parroquiasantiago.es\">despacho@parroquiasantiago.es<\/a><br><a href=\"mailto:parroco@parroquiasantiago.es\">parroco@parroquiasantiago.es<\/a><\/p>\n","protected":false},"excerpt":{"rendered":"<p>Estamos encantados de atenderte si necesitas alguna documentaci\u00f3n del archivo, informaci\u00f3n sobre catequesis o celebraciones de sacramentos. Ponte en contacto con nosotros. Puedes hacerlo a trav\u00e9s de WhatsApp o correo [&hellip;]<\/p>\n","protected":false},"author":1,"featured_media":69,"parent":0,"menu_order":0,"comment_status":"closed","ping_status":"closed","template":"","meta":{"footnotes":""},"class_list":["post-15","page","type-page","status-publish","has-post-thumbnail","hentry"],"_links":{"self":[{"href":"https:\/\/www.parroquiasantiago.es\/index.php\/wp-json\/wp\/v2\/pages\/15","targetHints":{"allow":["GET"]}}],"collection":[{"href":"https:\/\/www.parroquiasantiago.es\/index.php\/wp-json\/wp\/v2\/pages"}],"about":[{"href":"https:\/\/www.parroquiasantiago.es\/index.php\/wp-json\/wp\/v2\/types\/page"}],"author":[{"embeddable":true,"href":"https:\/\/www.parroquiasantiago.es\/index.php\/wp-json\/wp\/v2\/users\/1"}],"replies":[{"embeddable":true,"href":"https:\/\/www.parroquiasantiago.es\/index.php\/wp-json\/wp\/v2\/comments?post=15"}],"version-history":[{"count":13,"href":"https:\/\/www.parroquiasantiago.es\/index.php\/wp-json\/wp\/v2\/pages\/15\/revisions"}],"predecessor-version":[{"id":196,"href":"https:\/\/www.parroquiasantiago.es\/index.php\/wp-json\/wp\/v2\/pages\/15\/revisions\/196"}],"wp:featuredmedia":[{"embeddable":true,"href":"https:\/\/www.parroquiasantiago.es\/index.php\/wp-json\/wp\/v2\/media\/69"}],"wp:attachment":[{"href":"https:\/\/www.parroquiasantiago.es\/index.php\/wp-json\/wp\/v2\/media?parent=15"}],"curies":[{"name":"wp","href":"https:\/\/api.w.org\/{rel}","templated":true}]}}